{"id":16,"date":"2020-01-15T20:56:52","date_gmt":"2020-01-15T19:56:52","guid":{"rendered":"http:\/\/s-e-krause.de\/?page_id=16"},"modified":"2020-01-17T18:55:03","modified_gmt":"2020-01-17T17:55:03","slug":"programm-macher-bietet-solides-kopfwerk","status":"publish","type":"page","link":"https:\/\/s-e-krause.de\/","title":{"rendered":"Programm-Macher bietet solides Kopfwerk"},"content":{"rendered":"<p>Auf Grundlage eines tiefgehenden Breitenwissens erarbeiten wir zuverl\u00e4ssig, mit analytischer Sch\u00e4rfe, strukturiertem und gezieltem Vorgehen und, wichtiger denn je, mit Flei\u00df und P\u00fcnktlichkeit Ihre <a href=\".\/?page_id=34\">L\u00f6sungen<\/a>. Eine Vielzahl an Gro\u00df- und Kleinkunden sind begeistert von unserer Performance.<\/p>\n<p>Wir verstehen uns als exzellenter <a href=\".\/?page_id=40\">IT-Direktlieferant<\/a> und sind keine Agentur. Wir tragen Verantwortung f\u00fcr unsere Zusagen, wir bieten Festpreise und Fertigstellungstermine.<\/p>\n<p>Wir denken und handeln <a href=\".\/?page_id=42\">unternehmerisch<\/a>. Ihr Vorteil: Mit minimalem Mehraufwand erhalten Sie eine skalierbare Komplettl\u00f6sung.<\/p>\n<p>\u00dcberzeugen Sie sich von unserer Praxis!<\/p>\n","protected":false},"excerpt":{"rendered":"<p>Auf Grundlage eines tiefgehenden Breitenwissens erarbeiten wir zuverl\u00e4ssig, mit analytischer Sch\u00e4rfe, strukturiertem und gezieltem Vorgehen und, wichtiger denn je, mit Flei\u00df und P\u00fcnktlichkeit Ihre L\u00f6sungen. Eine Vielzahl an Gro\u00df- und Kleinkunden sind begeistert von unserer Performance. Wir verstehen uns als exzellenter IT-Direktlieferant und sind keine Agentur. Wir tragen Verantwortung f\u00fcr unsere Zusagen, wir bieten Festpreise<span class=\"post-excerpt-end\">&hellip;<\/span><\/p>\n<p class=\"more-link\"><a href=\"https:\/\/s-e-krause.de\/\" class=\"themebutton\">Read More<\/a><\/p>\n","protected":false},"author":1,"featured_media":0,"parent":0,"menu_order":0,"comment_status":"closed","ping_status":"closed","template":"","meta":{"footnotes":""},"_links":{"self":[{"href":"https:\/\/s-e-krause.de\/index.php?rest_route=\/wp\/v2\/pages\/16"}],"collection":[{"href":"https:\/\/s-e-krause.de\/index.php?rest_route=\/wp\/v2\/pages"}],"about":[{"href":"https:\/\/s-e-krause.de\/index.php?rest_route=\/wp\/v2\/types\/page"}],"author":[{"embeddable":true,"href":"https:\/\/s-e-krause.de\/index.php?rest_route=\/wp\/v2\/users\/1"}],"replies":[{"embeddable":true,"href":"https:\/\/s-e-krause.de\/index.php?rest_route=%2Fwp%2Fv2%2Fcomments&post=16"}],"version-history":[{"count":10,"href":"https:\/\/s-e-krause.de\/index.php?rest_route=\/wp\/v2\/pages\/16\/revisions"}],"predecessor-version":[{"id":131,"href":"https:\/\/s-e-krause.de\/index.php?rest_route=\/wp\/v2\/pages\/16\/revisions\/131"}],"wp:attachment":[{"href":"https:\/\/s-e-krause.de\/index.php?rest_route=%2Fwp%2Fv2%2Fmedia&parent=16"}],"curies":[{"name":"wp","href":"https:\/\/api.w.org\/{rel}","templated":true}]}}