{"id":34,"date":"2020-01-15T21:36:46","date_gmt":"2020-01-15T20:36:46","guid":{"rendered":"http:\/\/s-e-krause.de\/?page_id=34"},"modified":"2020-01-17T19:11:16","modified_gmt":"2020-01-17T18:11:16","slug":"merken-sie-den-unterschied","status":"publish","type":"page","link":"https:\/\/s-e-krause.de\/?page_id=34","title":{"rendered":"Merken Sie den Unterschied!"},"content":{"rendered":"<p>Sie suchen jemanden, der Ihre Aufgabenstellung sauber l\u00f6st, dem Sie ein komplexes Ziel vorgeben und von dem Sie umgehend ein komplettes Ergebnis erhalten? Kurzum jemanden, dem Sie voll vertrauen k\u00f6nnen?<\/p>\n<h4>Hier sind die Gr\u00fcnde mit uns zusammenzuarbeiten:<\/h4>\n<ul>\n<li>Ergebnisorientierte Angebote mit Festpreis<\/li>\n<li>Erfolgsorientierte Werkzeugwahl nach \u00f6konomischen Gesichtspunkten<\/li>\n<li>30 erfolgreiche Jahre Projekt- und Produkterfahrung<\/li>\n<\/ul>\n<h4>W\u00e4hlen Sie aus diesem Angebot:<\/h4>\n<ul>\n<li>Sie suchen die Unterst\u00fctzung in einem bestimmten Fachgebiet? Dann w\u00e4hlen Sie ein <a href=\".\/?page_id=29\">Thema<\/a><\/li>\n<\/ul>\n<ul>\n<li>Sie ben\u00f6tigen ein Modul, einen Prototypen oder ein Plug-In? Dann bestimmen Sie die <a href=\".\/?page_id=48\">Komponente<\/a><\/li>\n<\/ul>\n<ul>\n<li>Ihr betagtes System ben\u00f6tigt <a href=\".\/?page_id=51\">Support<\/a> oder eine Auffrischung? Wie w\u00e4re es mit einer <a href=\".\/?page_id=51\">Sanierung<\/a><\/li>\n<\/ul>\n","protected":false},"excerpt":{"rendered":"<p>Sie suchen jemanden, der Ihre Aufgabenstellung sauber l\u00f6st, dem Sie ein komplexes Ziel vorgeben und von dem Sie umgehend ein komplettes Ergebnis erhalten? Kurzum jemanden, dem Sie voll vertrauen k\u00f6nnen? Hier sind die Gr\u00fcnde mit uns zusammenzuarbeiten: Ergebnisorientierte Angebote mit Festpreis Erfolgsorientierte Werkzeugwahl nach \u00f6konomischen Gesichtspunkten 30 erfolgreiche Jahre Projekt- und Produkterfahrung W\u00e4hlen Sie aus<span class=\"post-excerpt-end\">&hellip;<\/span><\/p>\n<p class=\"more-link\"><a href=\"https:\/\/s-e-krause.de\/?page_id=34\" class=\"themebutton\">Read More<\/a><\/p>\n","protected":false},"author":1,"featured_media":0,"parent":0,"menu_order":0,"comment_status":"closed","ping_status":"closed","template":"","meta":{"footnotes":""},"_links":{"self":[{"href":"https:\/\/s-e-krause.de\/index.php?rest_route=\/wp\/v2\/pages\/34"}],"collection":[{"href":"https:\/\/s-e-krause.de\/index.php?rest_route=\/wp\/v2\/pages"}],"about":[{"href":"https:\/\/s-e-krause.de\/index.php?rest_route=\/wp\/v2\/types\/page"}],"author":[{"embeddable":true,"href":"https:\/\/s-e-krause.de\/index.php?rest_route=\/wp\/v2\/users\/1"}],"replies":[{"embeddable":true,"href":"https:\/\/s-e-krause.de\/index.php?rest_route=%2Fwp%2Fv2%2Fcomments&post=34"}],"version-history":[{"count":6,"href":"https:\/\/s-e-krause.de\/index.php?rest_route=\/wp\/v2\/pages\/34\/revisions"}],"predecessor-version":[{"id":140,"href":"https:\/\/s-e-krause.de\/index.php?rest_route=\/wp\/v2\/pages\/34\/revisions\/140"}],"wp:attachment":[{"href":"https:\/\/s-e-krause.de\/index.php?rest_route=%2Fwp%2Fv2%2Fmedia&parent=34"}],"curies":[{"name":"wp","href":"https:\/\/api.w.org\/{rel}","templated":true}]}}