{"id":38,"date":"2020-01-15T21:38:20","date_gmt":"2020-01-15T20:38:20","guid":{"rendered":"http:\/\/s-e-krause.de\/?page_id=38"},"modified":"2020-01-17T19:07:23","modified_gmt":"2020-01-17T18:07:23","slug":"die-staerken-liegen-in-der-anwendung","status":"publish","type":"page","link":"https:\/\/s-e-krause.de\/?page_id=38","title":{"rendered":"Die St\u00e4rken liegen in der Anwendung"},"content":{"rendered":"<p>Wir verf\u00fcgen \u00fcber eine gro\u00dfe Auswahl an vertrauten Software-Erstellungswerkzeugen. Sowohl auf den unterschiedlichen Windows-Plattformen als auch im Unixumfeld sind wir zu Hause.<\/p>\n<p>W\u00e4hlen Sie f\u00fcr Ihr Projekt das passende:<\/p>\n<h4>Windows<\/h4>\n<p><a href=\".\/?page_id=105\">Windows7, Vista, XP, Server 200x, NT, 9x, 3.x<\/a><\/p>\n<h4>Unix<\/h4>\n<p><a href=\".\/?page_id=107\">Linux: debian, redhat, Irix, SCO, Sinix, NeXt<\/a><\/p>\n<h4>Native Systeme<\/h4>\n<p><a href=\".\/?page_id=109\">UbiCom, Motorola, Intel, Zylog, Cypress, &#8230;<\/a><\/p>\n","protected":false},"excerpt":{"rendered":"<p>Wir verf\u00fcgen \u00fcber eine gro\u00dfe Auswahl an vertrauten Software-Erstellungswerkzeugen. Sowohl auf den unterschiedlichen Windows-Plattformen als auch im Unixumfeld sind wir zu Hause. W\u00e4hlen Sie f\u00fcr Ihr Projekt das passende: Windows Windows7, Vista, XP, Server 200x, NT, 9x, 3.x Unix Linux: debian, redhat, Irix, SCO, Sinix, NeXt Native Systeme UbiCom, Motorola, Intel, Zylog, Cypress, &#8230;<\/p>\n","protected":false},"author":1,"featured_media":0,"parent":0,"menu_order":0,"comment_status":"closed","ping_status":"closed","template":"","meta":{"footnotes":""},"_links":{"self":[{"href":"https:\/\/s-e-krause.de\/index.php?rest_route=\/wp\/v2\/pages\/38"}],"collection":[{"href":"https:\/\/s-e-krause.de\/index.php?rest_route=\/wp\/v2\/pages"}],"about":[{"href":"https:\/\/s-e-krause.de\/index.php?rest_route=\/wp\/v2\/types\/page"}],"author":[{"embeddable":true,"href":"https:\/\/s-e-krause.de\/index.php?rest_route=\/wp\/v2\/users\/1"}],"replies":[{"embeddable":true,"href":"https:\/\/s-e-krause.de\/index.php?rest_route=%2Fwp%2Fv2%2Fcomments&post=38"}],"version-history":[{"count":4,"href":"https:\/\/s-e-krause.de\/index.php?rest_route=\/wp\/v2\/pages\/38\/revisions"}],"predecessor-version":[{"id":137,"href":"https:\/\/s-e-krause.de\/index.php?rest_route=\/wp\/v2\/pages\/38\/revisions\/137"}],"wp:attachment":[{"href":"https:\/\/s-e-krause.de\/index.php?rest_route=%2Fwp%2Fv2%2Fmedia&parent=38"}],"curies":[{"name":"wp","href":"https:\/\/api.w.org\/{rel}","templated":true}]}}