{"id":51,"date":"2020-01-15T21:44:46","date_gmt":"2020-01-15T20:44:46","guid":{"rendered":"http:\/\/s-e-krause.de\/?page_id=51"},"modified":"2020-01-15T21:44:46","modified_gmt":"2020-01-15T20:44:46","slug":"bestandspflege","status":"publish","type":"page","link":"https:\/\/s-e-krause.de\/?page_id=51","title":{"rendered":"Bestandspflege"},"content":{"rendered":"<p>Sie suchen Unterst\u00fctzung f\u00fcr Ihre alte EDV? Sie suchen einen Dienstleister f\u00fcr Ihre \u00fcber Jahre gewachsene individuelle Softwarel\u00f6sung?<\/p>\n<p>Wir haben schon mehrmals die Pflege und Wartung bestehender Softwares \u00fcbernommen. Dabei hilft uns die \u00fcber jahrzehnte gewachsene Kenntnis von:<\/p>\n<h3>Alte Windows-Versionen<\/h3>\n<h3>Datenbanken wie Clipper, Access etc.<\/h3>\n<h3>Sprachen wie Visual Basic, Clipper oder Delphi<\/h3>\n<p>Mit Hilfe unseres Betreuungsnetzwerks gew\u00e4hrleisten wir einen reibungslosen Betriebslauf.<\/p>\n<p>Und wenn der Einsatz neuer Technologien sinnvoll wird, haben Sie die Kompetenz schon im Haus.<\/p>\n","protected":false},"excerpt":{"rendered":"<p>Sie suchen Unterst\u00fctzung f\u00fcr Ihre alte EDV? Sie suchen einen Dienstleister f\u00fcr Ihre \u00fcber Jahre gewachsene individuelle Softwarel\u00f6sung? Wir haben schon mehrmals die Pflege und Wartung bestehender Softwares \u00fcbernommen. Dabei hilft uns die \u00fcber jahrzehnte gewachsene Kenntnis von: Alte Windows-Versionen Datenbanken wie Clipper, Access etc. Sprachen wie Visual Basic, Clipper oder Delphi Mit Hilfe unseres<span class=\"post-excerpt-end\">&hellip;<\/span><\/p>\n<p class=\"more-link\"><a href=\"https:\/\/s-e-krause.de\/?page_id=51\" class=\"themebutton\">Read More<\/a><\/p>\n","protected":false},"author":1,"featured_media":0,"parent":0,"menu_order":0,"comment_status":"closed","ping_status":"closed","template":"","meta":{"footnotes":""},"_links":{"self":[{"href":"https:\/\/s-e-krause.de\/index.php?rest_route=\/wp\/v2\/pages\/51"}],"collection":[{"href":"https:\/\/s-e-krause.de\/index.php?rest_route=\/wp\/v2\/pages"}],"about":[{"href":"https:\/\/s-e-krause.de\/index.php?rest_route=\/wp\/v2\/types\/page"}],"author":[{"embeddable":true,"href":"https:\/\/s-e-krause.de\/index.php?rest_route=\/wp\/v2\/users\/1"}],"replies":[{"embeddable":true,"href":"https:\/\/s-e-krause.de\/index.php?rest_route=%2Fwp%2Fv2%2Fcomments&post=51"}],"version-history":[{"count":1,"href":"https:\/\/s-e-krause.de\/index.php?rest_route=\/wp\/v2\/pages\/51\/revisions"}],"predecessor-version":[{"id":52,"href":"https:\/\/s-e-krause.de\/index.php?rest_route=\/wp\/v2\/pages\/51\/revisions\/52"}],"wp:attachment":[{"href":"https:\/\/s-e-krause.de\/index.php?rest_route=%2Fwp%2Fv2%2Fmedia&parent=51"}],"curies":[{"name":"wp","href":"https:\/\/api.w.org\/{rel}","templated":true}]}}